the value of 1 + -1 + -2 + -1?
-3
Calculate 2 - ((-1 - -3) + (8 - 5)).
-3
6 - (2 - 5 - -6)
3
What is -1 + -3 - (-30 + 29)?
-3
Evaluate 4 - (7 + (-14 - -8)).
3
What is the value of 1 + 0 - 5 - (328 - 339)?
7
Evaluate (6 - 0) + 0 + -4.
2
Calculate 18 - ((13 - -5) + -5).
5
Calculate 0 + 6 - 14 - -4.
-4
What is the value of 4 + -7 + (-5 - -6)?
-2
(-1 - 3) + (-1 - 2)
-7
Evaluate 11 - (-2 - (-11 + 0)).
2
4 + (35 - 31) + -16 + 2
-6
Evaluate 0 - 0 - (10 - 5).
-5
What is (-3 - -8 - (1 + -2)) + -3?
3
What is the value of 7 + (4 - (10 + -4))?
5
What is 3 - (3 - 1) - 3?
-2
What is -1 - (3 - (1 - -1))?
-2
(6 - (-6 + 10)) + 2
4
What is 0 + (-2 - -7 - (2 - -6))?
-3
Calculate 0 + -3 - (6 - (7 - 3)).
-5
Evaluate (-8 - -4) + 10 + -4 + 2.
4
What is (1 - -2) + -15 + 12?
0
4 + -3 - (-78 + 81)
-2
Calculate (1 - -1) + 4 + 0 - 1.
5
What is 2 - (-1 - -6) - (1 + -1)?
-3
What is the value of 3 - (-4 + 0 + 7)?
0
5 + (2 - 5) - (2 + 2)
-2
(-15 - (-14 + 8)) + 13
4
What is the value of (-7 - (-24 + 14)) + (0 - 3)?
0
Calculate 1 - (2 - (0 - -2)) - -4.
5
(-3 - -4) + 2 + 0
3
(-4 - (-1 + -6)) + 2
5
Evaluate 6 - (-2 + -3 - -11).
0
What is the value of 1 - (-5 + -1 + 7)?
0
Calculate 2 - (-2 + 4 + -3 - 0).
3
Evaluate 0 - (-3 - (0 + -2) - -2).
-1
Evaluate (2 - (-7 + 7)) + 6.
8
What is -6 - (-5 + -3 + 7)?
-5
What is the value of 1 + (2 - 4 - 0) - -5?
4
What is -11 + -11 + 15 + 1?
-6
What is the value of -1 + -1 + 4 + -2?
0
(-7 - (0 + -5)) + 4
2
What is the value of -2 - (-2 - (4 + -6) - -2)?
-4
-24 + 24 - (2 + (4 - 3))
-3
What is the value of -8 + -2 + 0 + 1 + 4?
-5
What is 4 - 9 - (5 - (4 - 0))?
-6
Evaluate 2 - 4 - -6 - (-9 + 8).
5
2 + -2 + -4 + 2
-2
What is 1 - (-1 + 7 + -2 - 2)?
-1
What is -3 - -7 - (-1 + 5) - 1?
-1
6 - (-11 - -4) - (10 + -5)
8
What is the value of 0 + (9 - 0 - 4)?
5
What is (2 - 2) + -2 + 4?
2
Calculate 1 - (-3 - -11 - 3).
-4
Calculate 6 + -6 - (-1 + 5).
-4
What is the value of -2 + (0 - 4) - -3?
-3
Calculate 0 - (11 + -11 - 8).
8
Calculate 10 + -4 - (0 + 17 + -5).
-6
Calculate 0 + 2 + -1 - (24 + -23).
0
-22 - -13 - (-4 - 1)
-4
Evaluate 1 + (0 - (4 - 5)).
2
What is 2 + (-2 + 2 - (-4 - -4))?
2
What is (-15 - -2) + (51 - 35)?
3
What is the value of 5 - (0 + 1) - 0 - 0?
4
Calculate -5 - (-5 + 4 + 0 + 1).
-5
What is (-1 - (-1 - 3 - -2)) + -2?
-1
Calculate 5 - 0 - (1 + 1).
3
20 + -22 + 2 + -2
-2
0 + -2 + (-2 - -9) + -7
-2
Calculate 0 - (1 - -4) - -9.
4
Evaluate -4 + 11 + 3 + -8.
2
Calculate (3 - (-9 + 9)) + (-1 - 9).
-7
Calculate (24 - 13) + -4 - 10.
-3
Calculate 4 + -9 + (4 - 2) - -8.
5
What is (0 - -11) + -51 + 45?
5
Calculate (-5 - 2) + (5 - 10) + 21.
9
Evaluate (1 + (-1 - 3) - 0) + 7.
4
Calculate 6 + 0 + -5 + (-31 - -36).
6
Evaluate 7 + -4 + 0 + -3.
0
What is 1 - (-6 + -8 + 9) - 4?
2
What is -4 + 2 - ((-5 - -14) + -3)?
-8
(3 - 1) + 1 - (-2 - 0)
5
What is the value of -2 + 3 + -1 - 4?
-4
Evaluate 7 - -1 - 12 - (-5 - -3).
-2
What is the value of -8 - -5 - 0 - (-2 - -5)?
-6
What is the value of 3 + -5 - (7 - -3 - 7)?
-5
4 + -20 + 6 + 7
-3
What is the value of 5 + -6 + (8 + -3 - -3)?
7
(7 - 5) + 2 + 1 + 0
5
What is the value of (1 + 10 - 4) + -8?
-1
What is -1 + -1 + -7 + 9?
0
What is the value of 2 + -2 + -3 - -6?
3
What is the value of -5 - (-10 - -3) - (-1 - -7)?
-4
What is the value of -3 + (6 - -5 - 9)?
-1
What is 4 + -3 - 4 - (-4 - 1)?
2
Calculate (-2 - 4 - (3 + -11)) + 3.
5
What is 0 - 4 - (-4 + (1 - 2))?
1
Calculate -4 - (5 + -13) - 5.
-1
Evaluate -4 + 11 - (18 + 6 + -10).
-7
What is -10 + 8 - (-2 - -5)?
-5
Evaluate 1 + (6 + -2 - (-3 + 4)).
4
Calculate -4 + 1 - (0 + 0).
-3
-2 - (0 + (-6 - -6))
-2
What is (6 - (-5 + 11)) + -1 + -2?
-3
Evaluate 2 + (-4 - -3) - -4.
5
What is (-4 - 0) + 5 + (5 - 5)?
1
(-6 - (2 + -4 + -2)) + 0
-2
What is 8 + -20 + 3 + 10?
1
What is 0 + (5 + -4 - -1 - -2)?
4
Evaluate -4 + (3 + -1 - 3).
-5
What is 2 + (2 - 1 - -2)?
5
Calculate 1 + -2 + 4 + (1 - 4).
0
What is (1 + -11 - (-21 + 17)) + 11?
5
What is 14 - 7 - 2 - 1?
4
What is the value of 4 + -6 + (3 - 0) + -2?
-1
Calculate 0 + -7 + (8 - 4) - -8.
5
-1 + 1 + (6 - 12) + 8
2
What is -3 - (8 + (-7 - 11))?
7
What is 4 + 7 + (-8 - 3)?
0
Calculate 5 - ((2 - (1 - 3)) + -5).
6
What is the value of -17 + 20 + (-2 - 0)?
1
What is the value of -44 + 51 + 1 + 0?
8
Evaluate -1 + 7 - (5 - (0 + -2)).
-1
What is the value of -1 + 4 + -4 - (-1 + 2)?
-2
What is -7 + (11 - (10 - 4))?
-2
Evaluate 9 - (-2 - (4 + -8)).
7
What is 0 + (0 - -3) - -3 - 5?
1
What is the value of 29 + -28 + 0 + 1 + -6?
-4
Evaluate 0 + 3 + -1 - 2.
0
What is (-9 - (5 - 3)) + 3?
-8
What is the value of (-1 - 6) + 5 - 3?
-5
Calculate 20 - (-12 + 25 - 0).
7
What is (-1 - (-9 - -5)) + -2 + 4?
5
What is 0 - (3 - 2) - (-3 + 5)?
-3
What is the value of -12 + 0 - (-39 + 33) - 2?
-8
Evaluate 2 - (2 + -3 + -5 + 4).
4
(-46 - -53) + 1 + -10
-2
-6 - (2 - (1 + 7))
0
What is the value of 7 + -13 - (1 + -3)?
-4
What is the value of 6 + -6 - (-3 - 4)?
7
What is the value of -1 - -6 - (0 + 2 + -2)?
5
(-1 - -7) + (-22 - -1 - -17)
2
Evaluate -3 + 1 + 4 - 3 - -3.
2
What is 42 + -37 + (-1 - -2)?
6
Calculate 2 + (-5 - (1 - (2 - 3))).
-5
Evaluate 5 - (7 + 8 + -6) - -2.
-2
What is 9 - (-5 - (13 - 26))?
1
Calculate 6 + 1 + (4 - 8) + -1.
2
-5 - (-2 - 0) - (0 - 8)
5
What is 1 + (-22 + 6 - -7 - -4)?
-4
Evaluate (13 - 4) + (-2 - 5).
2
-6 + 8 + -9 + 1 - -4
-2
(-2 - 1) + (1 - -2)
0
What is the value of -6 + 6 + (-1 - 0)?
-1
Evaluate -1 + (7 - 4) + -1.
1
(6 - 12) + (8 - 2)
0
What is the value of (1 - (5 + (-3 - -4))) + 4?
-1
What is the value of -7 + 4 + -5 + 3?
-5
What is -6 + 8 + -4 - 4?
-6
-5 - 1 - (-5 + 2) - 3
-6
Evaluate (4 - 3) + 2 + -2.
1
(-8 - -6) + (-3 - (0 - -1))
-6
3 + (9 - 10) - 9
-7
(-7 + 12 - (-4 + 2)) + 0
7
What is the value of -3 + 0 + -68 + 68?
-3
9 + (5 - (-2 - -18))
-2
What is the value of -8 + -5 + 1 + 14?
2
What is the value of 8 + -2 + 0 + 1 + -6?
1
Calculate 11 + -6 + (1 - 9).
-3
What is (2 - 10) + (25 - 18)?
-1
Calculate -5 - -11 - (9 + -3).
0
What is 10 - (-4 + (10 - 6))?
10
What is the value of 0 + -2 + 3 + -3?
-2
Evaluate -7 - (7 + -15 - (-2 + -2)).
-3
1 + (-5 - -4) + 3 + -5
-2
Calculate -16 + 12 + -4 + 0 + 4.
-4
What is the value of 0 + 15 + (-8 - 1)?
6
-4 + 17 + -14 + 6
5
(-3 - (-6 + 7)) + 4
0
Evaluate (-2 - -3) + 4 + -10.
-5
Evaluate -1 + 6 - (-1 - (-6 + 7)).
7
12 - 3 - (-9 - -11)
7
Evaluate 5 - (-3 - -5) - -2 - 2.
3
What is -5 + (-9 + 11 - (-5 - -1))?
1
Evaluate (2 - (-15 - -14)) + (2 - 8).
-3
Evaluate (-5 - -1) + (8 - (1 - -3)).
0
Calculate (-6 - (0 + -1)) + (11 - 8).
-2
(-15 - -8) + 9 + -9 + -1
-8
-5 + -5 + 4 + 2
-4
4 + (3 - 6 - -1) + -2
0
Evaluate 0 - (8 + -8) - -6.
6
Evaluate (-13 - -1) + (-116 - -135).
7
7 + -7 - 5 - (-2 + 7)
-10
What is (-84 + 77 - (1 - 6)) + 3?
1
What is the value of 0 - 1 - (0 - (-1 + 0))?
-2
What is the value of -98 - -91 - (0 + -7 + 1)?
-1
Calculate (5 - -5 - 12) + 8.
6
1 + -1 + -2 - (-2 - 0)
0
4 - ((-4 - -4) + 2)
2
Evaluate -2 - (-3 + -1 + 6 + -3).
-1
(0 + -3 - 1) + (1 - 0)
-3
Calculate 3 - (4 + 5 - -4).
-10
What is 3 + (2 - 5) + 0 + -2?
-2
Evaluate -1 + (3 - -1 - 5).
-2
3 + (-4 + 2 + 5 - 6)
0
Calculate 3 + (1 - (2 - -4)).
-2
Calculate (-8 - -2) + 1 + -74 + 85.
6
What is the value of -7 - (-1 - -3 - (4 - -1))?
-4
Calculate 5 - (3 - (-8 - -4 - -5)).
3
1 - (-1 + 3 + -3)
2
What is -4 + (-2 - -4) - (-8 + 1)?
5
Evaluate 6 + (-4 - 3) + 3.
2
What is the value of -9 - (-5 - (5 - 7) - 2)?
-4
-1 - (-2 - (-2 - -6))
5
What is (4 - -3) + (-2 - 2)?
3
-1 - (-4 + 1 + 4)
-2
Calculate (3 - 1) + (7 - (3 - 0)).
6
5 - (19 + -8 - 8)
2
What is 7 - (7 - (1 - -2))?
3
(4 - (0 - -5)) + 2 + 0
1
9 + (-7 - -4) + (3 - 5)
4
What is the value of -3 - -5 - (-2 - 2)?
6
What is -2 + (2 - 3) - (-5 - 0)?
2
What is the value of -31 + 7 + 11 - -17?
4
0 + -2 + (-1 - 2) - -9
4
Calculate -3 - (-15 + 11 + (2 - -1)).
-2
What is the value of 11 + 1 + -25 + 21?
8
What is the value of -11 + (-10 - -19) - (-1 - 5)?
4
Evaluate (4 - 3 - -2) + -1.
2
Calculate -49 - -41 - (0 + -4).
-4
-13 + 1 + 8 + 0
-4
What is the value of -9 + 0 - -16 - 5?
2
Evaluate 4 + (-12 - -3) + 0 + 2.
-3
Evaluate (4 - 4) + -8 - (-8 + 11).
-11
Evaluate (-2 - -3) + -2 + -2 + 2.
-1
5 + (1 + 2 + -1 - 5)
2
(-7 + 6 - -5) + 1
5
-1 - 6 - (-4 + 5 + -4)
-4
-6 - -5 - (9 - 9)
-1
0 - (-7 + -3 + 15)
-5
Calculate 5 - (-4 + 3) - 1.
5
(-3 - 2) + (16 - 11)
0
What is 7 + (-2 + -3 - -4) + -2?
4
4 - (-